 factors of q?
71
Suppose 3*x + 28 = 8*x + 4*d, x - 4*d = -4. Let i = 38 + x. Suppose -3*v = -3*n + 33, 4*n = -v + 3*v + i. What are the prime factors of n?
2, 5
Suppose 5*d = 4*a + 30, 7*a = 5*d + 2*a - 35. List the prime factors of d.
2
Let y = -16 + 57. What are the prime factors of y?
41
Let y = -1 - -3. Suppose 4*u - y*u = 12. List the prime factors of u.
2, 3
Let k(b) = -b**3 - 4*b**2 + b + 1. What are the prime factors of k(-5)?
3, 7
Let z = -47 - -104. List the prime factors of z.
3, 19
Let z = 72 + -40. Let x be ((-3)/5)/((-1)/5). Suppose 3*m - 3*r - 7 = 29, -z = -x*m + 2*r. What are the prime factors of m?
2
Let o(b) = b**2 - 3*b - 1. Let d(n) = -n**2 + 9*n - 3. Suppose j - 40 = -4*j. Let p be d(j). List the prime factors of o(p).
3
List the prime factors of (-15)/40 + 763/8.
5, 19
Let f(j) = 11*j**2 + 3*j - 3. What are the prime factors of f(2)?
47
Let v(r) = r**3 - 5*r**2 + 4*r + 2. Let d be v(4). Suppose 3 = d*n + 5. List the prime factors of n/(-3 - -2) - -5.
2, 3
Let p be (22 + -5)*(1 + 0). Let f(l) = l**3 - 18*l**2 + 21*l - 24. What are the prime factors of f(p)?
2, 11
Suppose -5*q + 108 = -222. What are the prime factors of q?
2, 3, 11
Let a(c) be the second derivative of c**3/3 - 6*c**2 + 3*c. What are the prime factors of a(11)?
2, 5
Let i = -8 - -6. What are the prime factors of 4 + i + 9 + 1?
2, 3
Let x = 22 + 18. What are the prime factors of x?
2, 5
Suppose -258 = -3*r - s, -2*r + 3*s = -79 - 104. What are the prime factors of r?
3, 29
Let g be 25/10*24/15. Let j(r) be the first derivative of -r**3/3 + 3*r**2 - 6*r + 2. What are the prime factors of j(g)?
2
Let s(f) = f**2 - 2. Let b be s(2). Suppose b - 22 = -2*u. List the prime factors of u.
2, 5
Let o(c) = -3*c**3 - 4*c**2 + c + 9. List the prime factors of o(-4).
7, 19
Let v be (-1 + 1)*(-2)/4. Suppose -5*g + w + 203 = 0, -2*g - 4*w + 88 + 2 = v. List the prime factors of g.
41
Let n(r) = -3*r - 10. Let m be n(-4). Suppose -4*s = -3*g - 74, -g - m*g - 40 = -2*s. List the prime factors of s.
17
Suppose -3*y - 5*u = -326, 0*y + u = -2*y + 222. Let d = -57 + y. List the prime factors of d.
5, 11
Let u = -2 + -4. Suppose 0 = -5*w + 8*w - 63. What are the prime factors of (w/2)/((-3)/u)?
3, 7
What are the prime factors of ((-42)/(-28))/(3/52)?
2, 13
Let l = -11 + 14. Suppose 0 = l*x - 16 - 62. What are the prime factors of x?
2, 13
Suppose 10*k - 10 = 5*k. Let o = -6 - -7. Let g = k + o. What are the prime factors of g?
3
Suppose -2*y + 3*y - 13 = -4*v, 3*v - 26 = -2*y. Let o = y + -8. What are the prime factors of o?
5
Let i(r) be the second derivative of r**4/4 - r**3/2 - 2*r**2 + 3*r. What are the prime factors of i(3)?
2, 7
Let q(d) = -78*d - 12. What are the prime factors of q(-3)?
2, 3, 37
Let g = -68 - -199. List the prime factors of g.
131
Let g(b) = -b**2 + 7*b + 8. Let x be g(10). Let m = 27 + x. List the prime factors of m.
5
Let u(d) = d**2 - d + 3. Let w be u(0). Suppose t + 0*t + w*y - 23 = 0, -2*t - y + 31 = 0. Suppose -2*l + t = -0. List the prime factors of l.
7
Let g be 7/2 + 4/(-8). Suppose -g*f = -4*i + 16, 2*i + 0*i - 8 = f. Suppose -2*l + 5*l - 36 = f. What are the prime factors of l?
2, 3
Suppose -4*y = -z - 7, -2*y - 5*z = -3*z - 16. List the prime factors of (6/y - -56)/2.
29
Suppose h + 7 + 7 = -5*a, 0 = 5*h + 4*a - 35. Suppose 3*g + h = 167. Suppose -4*c - g = i - 5*i, -5*i = -c - 45. What are the prime factors of i?
2
Suppose -3*x = -4*t - 242, 5*x - 386 = t - 3*t. List the prime factors of x.
2, 3, 13
Let o(h) = -h**3 + h**2 - h + 8. Let b be (-1)/2 - 9/(-2). Suppose -s = b*s. What are the prime factors of o(s)?
2
Let x(m) = -m**3 + 2*m**2 + 2*m - 1. Let z be x(4). List the prime factors of 20/z + (-398)/(-10).
3, 13
Let n(j) = -8*j - 8. Let g be n(5). Let w = g + 70. What are the prime factors of w?
2, 11
Let c = -5 + 29. List the prime factors of c.
2, 3
What are the prime factors of (-1)/3*-1 - 12782/(-66)?
2, 97
Suppose -u - v + 12 = 0, -5*u = -8*u + 5*v + 60. Suppose 3*h = 3*x + u, -5*x = -h + 4*h - 39. Let z = h + -5. What are the prime factors of z?
3
Let l(u) = u**3 + 6*u**2 + 3*u + 2. Let w be l(-5). Let q be 0 + 2 - (-9)/(-1). Let d = w + q. List the prime factors of d.
5
Let t = -1 - -1. Suppose t = -b - 0*b + 3. List the prime factors of b.
3
Let r be 4/6 + (-28)/6. Let s be 6/(3/((-18)/r)). Suppose -s = h - 4*h. What are the prime factors of h?
3
Suppose 0 = 4*z + 5 + 67. Let c = 35 + z. Suppose -v - 3*g + 9 = 0, 4*v + g - c = 8. What are the prime factors of v?
2, 3
Suppose 4*m + 16 = -8. List the prime factors of 3/m + 220/8.
3
Let u(h) be the first derivative of -h**4/4 + 2*h**3 + 3*h**2 + 10*h + 1. Let i be (-99)/(-15) - 2/(-5). List the prime factors of u(i).
3
Suppose -4*n = -3*n + 2*f + 10, 22 = -3*n - 4*f. Let u be -4 + 1 + (n - -1). What are the prime factors of (-42)/u - (-9)/(-6)?
3
Let l(u) = u**3 - u**2 - u. Let j be l(0). Let q(v) = 2*v + 8. Let x be q(6). What are the prime factors of (j - -1)*x/4?
5
Suppose 3*g - 4*g = 0. Let h(v) be the first derivative of -v**4/4 - v**3/3 + v**2/2 + 8*v - 1. List the prime factors of h(g).
2
Let s = -22 - -2. List the prime factors of (-1 - 2)/(6/s).
2, 5
Suppose 0*q + 5*z - 1 = -3*q, 2*q - 9 = 5*z. Suppose 0 = -b + q*b - 5. Suppose -b*x + 2*x - 2*p + 27 = 0, 2*x - 7 = -5*p. List the prime factors of x.
11
Let v(d) = d - 1. Let i(t) = -2*t + 1. Let w(r) = -3*i(r) - 5*v(r). Let c be w(0). What are the prime factors of (2 + -19)*(c - 3)?
17
Let j = -63 + 120. Let t = j + -16. What are the prime factors of t?
41
Let k = -66 - -130. What are the prime factors of k?
2
Let l = -10 + 11. Let d = l - -2. Suppose -6*t + d*t = -30. List the prime factors of t.
2, 5
Let w = -24 - -34. What are the prime factors of w?
2, 5
Let t = 42 - 6. Let k be (-4)/10 - t/(-15). Let c = k + 2. List the prime factors of c.
2
Let l be (-3)/(-1 + 0 + 0). Let b(s) = -s**3 + 5*s**2 - 3*s. List the prime factors of b(l).
3
Suppose -f = -0*f + 2. Let d be (f - -27) + (-3 - -3). Let a = -14 + d. List the prime factors of a.
11
Suppose 6*d = 2*d + 176. List the prime factors of d.
2, 11
Let a = 162 + -111. List the prime factors of a.
3, 17
Suppose -2*p - 6*g + 48 = -2*g, 0 = 2*g + 6. Suppose 2*d - p = 3*y - 4, y = 3*d - 18. Let a(t) = t + 12. What are the prime factors of a(y)?
2, 3
Suppose 5*g - 10 = 0, 0*t = -5*t - 4*g + 18. Suppose 5*s = -8 + 38. Suppose -t*f + s = -f. What are the prime factors of f?
2, 3
Suppose -3*h = -5*i + 607, -2*i + 239 = -10*h + 5*h. What are the prime factors of i?
2, 61
Let c(r) = 2*r**2 + 12. What are the prime factors of c(-5)?
2, 31
Suppose -1742 = 11*k - 5163. What are the prime factors of k?
311
Let w(f) = 2*f - 3. Let g be w(4). Suppose 9 = -g*c - 3*i + 31, -5*c + 5*i = -30. List the prime factors of c.
5
Suppose -2*l - 4*l = -624. What are the prime factors of l?
2, 13
Let n(t) be the first derivative of -t**2/2 + 18*t + 2. List the prime factors of n(8).
2, 5
Let x = -3 + 10. Let b = -1 - -6. Let i = b + x. What are the prime factors of i?
2, 3
Let f(d) = 23*d**2 + d - 1. List the prime factors of f(-2).
89
Let a(g) = g**2 + 0*g + g - g - 1 + 2*g. Let t be a(1). Suppose -5*b + 65 = -q, 4*q = -t*b + 26 + 22. What are the prime factors of b?
2, 7
Suppose 569 = 8*u - 159. What are the prime factors of u?
7, 13
Suppose 10*c - 11*c + 306 = 0. List the prime factors of c.
2, 3, 17
Suppose 4*w - 123 = -l, -5*w = l - 0*l - 120. List the prime factors of l.
3, 5
Let j(d) = 3*d**2 - 2*d + 2. List the prime factors of j(-4).
2, 29
Suppose -4*s + 85 = 3*k, -143 - 16 = -5*k + 2*s. What are the prime factors of k?
31
Let s(g) = -2*g + 3. Let d(r) = -2*r + 2. Let u(l) = 4*d(l) - 5*s(l). Let o(v) = -6*v**3 - 2*v**2 - 2*v - 1. Let a be o(-1). List the prime factors of u(a).
3
Let n = 16 - 8. Let v = n - -7. Suppose -v = -2*z - z. What are the prime factors of z?
5
List the prime factors of 233 - -4 - (3 + 0).
2, 3, 13
Suppose 0 = -4*z + 4*t - 40, -5 = -5*z - 3*t - 39. List the prime factors of 146/10 - z/20.
3, 5
Let w = 112 + -209. Let g = -50 - w. List the prime factors of g.
47
Let w = -36 - -24. Suppose 5 = y - 4. What are the prime factors of w/y*9/(-2)?
2, 3
What are the prime factors of 34 + 6 - (-2)/(-1)*-1?
2, 3, 7
Let o = 7 - 7. Suppose -c + 10 = 2*u, o = -5*u - 32 + 12. Suppo